 4978?
True
Is 3475 a multiple of 15?
False
Is 64 a multiple of 19?
False
Is 31 a factor of 3379?
True
Is 4 a factor of 107?
False
Is 10 a factor of 13554?
False
Does 11 divide 5907?
True
Does 11 divide 4642?
True
Is 90 a multiple of 27?
False
Is 3 a factor of 253?
False
Is 14457 a multiple of 63?
False
Is 19076 a multiple of 159?
False
Is 8 a factor of 1228?
False
Is 10 a factor of 2154?
False
Is 3844 a multiple of 31?
True
Is 58 a multiple of 8?
False
Is 15 a factor of 375?
True
Is 174 a multiple of 8?
False
Is 16548 a multiple of 12?
True
Does 77 divide 912?
False
Is 533 a multiple of 13?
True
Is 1177 a multiple of 12?
False
Does 10 divide 1069?
False
Is 22 a factor of 3388?
True
Is 73 a multiple of 63?
False
Does 62 divide 16244?
True
Is 99 a factor of 27720?
True
Is 6 a factor of 3647?
False
Does 14 divide 572?
False
Is 4267 a multiple of 17?
True
Is 8 a factor of 5257?
False
Does 8 divide 513?
False
Is 600 a multiple of 60?
True
Does 15 divide 4230?
True
Is 1540 a multiple of 28?
True
Does 16 divide 14594?
False
Is 27 a multiple of 9?
True
Is 1068 a multiple of 178?
True
Does 13 divide 936?
True
Is 20 a factor of 23441?
False
Does 8 divide 7119?
False
Is 41 a factor of 4023?
False
Is 11549 a multiple of 12?
False
Does 10 divide 270?
True
Is 28272 a multiple of 248?
True
Does 15 divide 17147?
False
Is 2068 a multiple of 47?
True
Is 76320 a multiple of 385?
False
Is 78 a multiple of 6?
True
Does 47 divide 566?
False
Is 430 a multiple of 22?
False
Is 15 a factor of 346?
False
Is 332 a multiple of 15?
False
Does 262 divide 13624?
True
Is 62 a factor of 2604?
True
Does 4 divide 4200?
True
Is 5 a factor of 18455?
True
Does 7 divide 2021?
False
Does 26 divide 442?
True
Does 161 divide 50167?
False
Does 20 divide 18520?
True
Is 11 a factor of 52358?
False
Is 12343 a multiple of 18?
False
Is 1674 a multiple of 62?
True
Does 33 divide 15477?
True
Is 87 a factor of 1301?
False
Is 207 a factor of 42228?
True
Is 45 a factor of 4185?
True
Is 39 a factor of 2693?
False
Does 13 divide 33462?
True
Is 175110 a multiple of 26?
True
Is 17 a factor of 31926?
True
Is 10 a factor of 191?
False
Is 3010 a multiple of 8?
False
Does 20 divide 20?
True
Is 6 a factor of 1620?
True
Does 5 divide 8720?
True
Is 4 a factor of 232?
True
Is 1330 a multiple of 35?
True
Is 20 a factor of 4919?
False
Is 28 a factor of 896?
True
Is 18 a factor of 828?
True
Is 18686 a multiple of 75?
False
Is 6 a factor of 834?
True
Is 27 a multiple of 9?
True
Does 8 divide 312?
True
Is 280 a multiple of 14?
True
Is 139 a factor of 6052?
False
Is 5 a factor of 11297?
False
Is 5 a factor of 635?
True
Is 12 a factor of 19235?
False
Is 15 a factor of 1692?
False
Is 76 a multiple of 10?
False
Does 26 divide 156?
True
Is 1812 a multiple of 12?
True
Is 308 a multiple of 28?
True
Is 214 a multiple of 14?
False
Is 18 a factor of 918?
True
Is 29 a multiple of 24?
False
Is 90 a factor of 1592?
False
Is 15860 a multiple of 20?
True
Does 26 divide 13116?
False
Is 18 a factor of 154186?
False
Is 2144 a multiple of 16?
True
Is 12240 a multiple of 17?
True
Is 3 a factor of 2130?
True
Does 26 divide 1387?
False
Is 10 a factor of 12340?
True
Does 9 divide 990?
True
Does 49 divide 46151?
False
Does 82 divide 7134?
True
Does 214 divide 13696?
True
Does 306 divide 56469?
False
Is 35091 a multiple of 18?
False
Is 56 a factor of 11726?
False
Does 7 divide 3640?
True
Is 17216 a multiple of 64?
True
Does 17 divide 16439?
True
Is 100 a factor of 13100?
True
Does 28 divide 29397?
False
Is 129 a multiple of 4?
False
Does 9 divide 13761?
True
Is 42 a factor of 2410?
False
Is 1586 a multiple of 61?
True
Is 93896 a multiple of 121?
True
Is 1665 a multiple of 9?
True
Is 8 a factor of 5608?
True
Is 5 a factor of 6450?
True
Is 15 a factor of 30030?
True
Is 22 a factor of 393?
False
Does 2 divide 51?
False
Does 20 divide 72100?
True
Is 31575 a multiple of 25?
True
Is 32 a factor of 1216?
True
Is 465 a multiple of 15?
True
Is 237 a multiple of 16?
False
Does 44 divide 1188?
True
Is 1090 a multiple of 10?
True
Is 49547 a multiple of 69?
False
Is 57 a factor of 940?
False
Is 10 a factor of 19005?
False
Is 7515 a multiple of 9?
True
Is 63 a factor of 1890?
True
Does 26 divide 442?
True
Is 20 a factor of 7045?
False
Is 268 a factor of 34304?
True
Is 403 a multiple of 42?
False
Is 540 a multiple of 12?
True
Is 710 even?
True
Does 8 divide 7453?
False
Is 46 a factor of 98991?
False
Does 11 divide 18216?
True
Is 57 a factor of 335?
False
Does 2 divide 229?
False
Is 18297 a multiple of 191?
False
Is 13287 a multiple of 43?
True
Does 52 divide 3068?
True
Is 672 a multiple of 32?
True
Does 13 divide 25376?
True
Is 11 a factor of 15?
False
Is 77 a factor of 6930?
True
Does 62 divide 10151?
False
Does 140 divide 14200?
False
Is 20 a factor of 37980?
True
Is 15 a factor of 1711?
False
Does 21 divide 588?
True
Is 306 a multiple of 6?
True
Does 3 divide 230?
False
Is 52 a multiple of 26?
True
Does 33 divide 1485?
True
Does 27 divide 54?
True
Is 6 a factor of 7655?
False
Is 17836 a multiple of 14?
True
Is 78676 a multiple of 221?
True
Does 51 divide 1301?
False
Is 570 a multiple of 10?
True
Does 6 divide 336?
True
Is 19 a factor of 5263?
True
Is 6 a factor of 594?
True
Is 21 a factor of 336?
True
Is 2106 a multiple of 26?
True
Is 14 a factor of 8037?
False
Is 4 a factor of 36?
True
Is 19990 a multiple of 24?
False
Does 268 divide 11994?
False
Is 24 a factor of 49692?
False
Is 37 a factor of 37111?
True
Is 1061 a multiple of 6?
False
Does 11 divide 10366?
False
Does 14 divide 30492?
True
Is 440 a multiple of 12?
False
Is 17 a factor of 3009?
True
Is 47 a factor of 9023?
False
Is 219 a factor of 25623?
True
Does 13 divide 69886?
False
Is 4 a factor of 20133?
False
Is 29 a factor of 756?
False
Is 3 a factor of 510?
True
Is 486 a multiple of 18?
True
Is 16 even?
True
Is 9 a factor of 202?
False
Does 11 divide 11282?
False
Does 71 divide 4355?
False
Is 6 a factor of 6186?
True
Is 18 a factor of 2062?
False
Does 18 divide 7172?
False
Is 12 a multiple of 3?
True
Is 1664 a multiple of 49?
False
Is 148 a factor of 2368?
True
Is 46 a factor of 4454?
False
Is 14910 a multiple of 210?
True
Does 10 divide 1261?
False
Is 9 a factor of 225?
True
Does 8 divide 2480?
True
Does 29 divide 26353?
False
Is 67 a factor of 13936?
True
Does 13 divide 7948?
False
Does 26 divide 3224?
True
Is 21 a factor of 9841?
False
Is 1070 a multiple of 10?
True
Does 30 divide 660?
True
Is 456 a multiple of 19?
True
Is 4012 a multiple of 20?
False
Is 34104 a multiple of 8?
True
Does 17 divide 170?
True
Is 23 a factor of 5519?
False
Does 58 divide 4524?
True
Is 567 a multiple of 6?
False
Does 28 divide 12068?
True
Is 22 a multiple of 5?
False
Does 3 divide 896?
False
Is 135 a multiple of 45?
True
Is 11 a factor of 88?
True
Is 351 a factor of 39632?
False
Does 92 divide 375?
False
Is 57 a factor of 15763?
False
Is 50 a factor of 260?
False
Does 8 divide 19215?
False
Is 54 a factor of 270?
True
Is 247 a multiple of 13?
True
Is 235 a multiple of 47?
True
Is 90 a factor of 67860?
True
Is 5 a factor of 303?
False
Does 36 divide 541?
False
Is 2040 a multiple of 24?
True
Is 320 a factor of 4526?
False
Does 4 divide 757?
False
Does 31 divide 398?
False
Is 496 a multiple of 8?
True
Is 260 a multiple of 3?
False
Is 1461 a multiple of 3?
True
Does 17 divide 204?
True
Is 9 a factor of 655?
False
Is 99 a factor of 5072?
False
Does 5 divide 460?
True
Is 812 a multiple of 14?
True
Is 82767 a multiple of 141?
True
Does 22 divide 13552?
True
Is 101 a multiple of 9?
False
Is 2520 a multiple of 90?
True
Is 368 a multiple of 25?
False
Does 5 divide 320?
True
Is 1144 a multiple of 9?
False
Is 14 a factor of 28?
True
Is 250 a factor of 49000?
True
Does 78 divide 1525?
False
Does 83 divide 2739?
True
Is 16512 a multiple of 5?
False
Is 1201 a multiple of 32?
False
Is 5394 a multiple of 58?
True
Is 148 a factor of 31376?
True
Does 24 divide 282?
False
Is 19 a factor of 323?
True
Is 164 a factor of 11972?
True
Is 465 even?
False
Is 11 a factor of 1429?
False
Is 11 a factor of 1133?
True
Is 1010 a multiple of 9?
False
Is 19 a factor of 5111?
True
Does 74 divide 51332?
False
Does 7 divide 2051?
True
Does 76 divide 6688?
True
Does 10 divide 139?
False
Is 3 a factor of 297?
True
Does 13 divide 2841?
False
I